uppose -z*h + 6*h - 40 = 0. What is the tens digit of h?
2
Suppose -2*r - 3*w + 0*w - 12 = 0, -w - 4 = -5*r. Suppose r = 4*i - 2*b - 20, -5*b + 0*b + 10 = 5*i. Suppose 30 = x + i*x. What is the units digit of x?
6
Let m(d) = -d**3 - 12*d**2 + 13*d + 3. Let f be m(-13). What is the tens digit of f*2*(-14)/(-6)?
1
Let z be ((-96)/28)/(3/(-21)). Let n = 1 + z. What is the units digit of n?
5
Suppose -196 = -4*m + 256. Let v be m/5 + 4/10. What is the units digit of (-4)/(-10) + v/5?
5
Let v = -108 + 214. What is the units digit of v?
6
Let g(p) be the second derivative of p**4/6 + 2*p**3/3 + 3*p**2/2 + 2*p. What is the units digit of g(-2)?
3
Suppose 2*m - 5*m + 312 = 0. What is the tens digit of m?
0
Let g be (-396 + 1)*9/(-15). What is the tens digit of (-2)/(-8) - g/(-12)?
2
What is the tens digit of (-84)/7*12/(-2)?
7
Suppose -2*j - 4 = -14, -5*g = -5*j + 20. Suppose q = 4*s + g, 2*q - 4*s + 2*s = -10. Let b = q + 8. What is the units digit of b?
1
Let v(y) = 2*y - 6. Let h be v(4). Suppose -15 = o - 4*i, 0*o + o + h*i = 9. What is the units digit of o?
1
Suppose -2*x + 49 = -71. Suppose 5*n = 60 + x. What is the tens digit of n?
2
Suppose 3*b = 3*j - 1158, -j + 4*b + 214 + 157 = 0. What is the tens digit of j?
9
Suppose 2*m - 3 = 61. What is the tens digit of m?
3
Suppose 42 = q + 2*q. Suppose -3*t - 3 = 21. What is the units digit of (-3)/4 - q/t?
1
Let q = -1 - -13. Suppose -5*a + 8 = -q. Suppose 0 = -m - 4*m - d + 1, a*m - 3*d = 16. What is the units digit of m?
1
What is the hundreds digit of (1 + -3)*(-894)/12?
1
Suppose 0 = 4*f - 2*f + 16. Let p = -3 - f. What is the units digit of p?
5
What is the tens digit of -2 + 2 + 0 - (-8 + -243)?
5
Suppose 24 = -m - 3*m. Let f = 9 - m. Let g = f + -8. What is the units digit of g?
7
Let z = -23 + 52. What is the units digit of z?
9
Suppose -3*g - 3 = 0, 0*s + s = -2*g + 60. What is the tens digit of s?
6
Suppose 3*t - t - 40 = 0. What is the units digit of t?
0
Suppose 2 = 2*q + 3*v - 77, -v = -q + 42. What is the tens digit of q?
4
Let z(x) = -3*x - 3. Suppose 2*k - 5*w - 11 = 0, -4*k + 3*w + 1 = -0*w. Let n be z(k). Suppose -4*i - n*h + 18 = -15, 0 = i - 2*h. What is the units digit of i?
6
Let s = -7 - -11. Let y(g) = 4*g. What is the tens digit of y(s)?
1
Let w = -7 - -7. Suppose -m + 0*m + 1 = 0. Suppose -2*i + 3*i - m = w. What is the units digit of i?
1
Let g = -2 - -36. Suppose -5*v - 9 + g = 0. What is the units digit of v?
5
Let t = 705 + -494. What is the units digit of t?
1
Let n = -2 - -4. Let z be ((-6)/(-9))/(n/21). Let m(v) = v**3 - 6*v**2 - 4*v - 8. What is the units digit of m(z)?
3
Suppose -5*r = -6*r + 7. What is the units digit of (r/(7/12))/2?
6
Let w(r) be the first derivative of -r**3/3 - 11*r**2/2 + 12*r + 3. What is the units digit of w(-11)?
2
Let l = 0 - -4. Suppose -p = 3*f - 0*p - 5, -4*f - 5*p + 25 = 0. Suppose l*j - j - 18 = f. What is the units digit of j?
6
Suppose 0 = -3*q - 3*k + 156, -k + 156 = q + 2*q. What is the tens digit of q?
5
Let g = 30 + -4. What is the units digit of g?
6
Let n(q) = -q**3 - 9*q**2 - 8*q - 3. Let b be n(-8). What is the units digit of ((-2)/6)/(b/54)?
6
Suppose -4*t + 33 + 19 = 0. What is the units digit of t?
3
What is the units digit of (0 + (1 - 3))*36/(-8)?
9
Suppose 2*w = -3*l + w + 193, 0 = 3*l - 5*w - 169. What is the units digit of l?
3
Suppose 601 = 5*v + 4*i - 517, 0 = -v + 5*i + 212. Suppose 2*n - 3*m = -6 + 81, 5*n - v = -4*m. What is the tens digit of n?
4
Let m(y) = 17*y - 3. What is the tens digit of m(3)?
4
Let z be -4 - -6 - 1*-1. Suppose -z*h = -3*d + 36, 2*d + h = 5*d - 32. What is the units digit of d?
0
Let o be (2/(-5))/(5/(-25)). Suppose -o*k = -k - 6. Let c = 12 - k. What is the units digit of c?
6
Suppose -5*n - 5 = -80. What is the units digit of n?
5
Let m = 11 - 14. Let l = m - -7. What is the units digit of l?
4
Let p(d) = -d**3 - 9*d**2 - 4*d - 16. What is the tens digit of p(-9)?
2
Suppose -w = -5 - 1. What is the units digit of 4/w*117/6?
3
Suppose 2*l + p = -11, -9*l + 4*l = -3*p + 11. Let i(t) = t**2 + t + 1. What is the units digit of i(l)?
3
Let i(k) = 4*k**2 - k + 1. Let q be i(2). Let j = q + 7. What is the units digit of j?
2
Let h(f) = 3 + 3*f + f - 1. Let c be h(8). Suppose -c = -4*w + 2*v, 3*v = 3*w - 0*v - 27. What is the units digit of w?
8
Let y be ((-21)/35)/((-2)/10). Suppose -4*a + y*u + 52 = 0, 2*a + 2*u = -2*u + 4. What is the tens digit of a?
1
Suppose -2*l + 7*l = 40. Suppose -4*o = -1 + 17. Let v = l + o. What is the units digit of v?
4
Suppose -4*s + 7*i = 4*i - 189, 5*i = -4*s + 165. What is the units digit of s?
5
Let q = 319 + -170. What is the tens digit of q?
4
Let d be 3*-1 - (-15 - 2). Let p be 4/d + (-156)/(-42). Suppose -p*z + 33 = -3. What is the units digit of z?
9
Suppose 52 = 4*z + 20. Suppose 5*i = z*i - 15. What is the units digit of i?
5
Suppose 0 = i - 4 - 3. Suppose 0*q - 1 = -q + g, q = -g + i. Suppose 0 = -q*k + 9 + 15. What is the units digit of k?
6
What is the units digit of (8*4/8)/2?
2
What is the units digit of ((48/10)/(-2))/(6/(-195))?
8
Suppose 27 = 13*z - 4*z. Suppose 3*n = 3 + 9. Suppose -z*k + 10 = 4*s, s - n*k + 6 = -s. What is the units digit of s?
1
Let k(x) = 2*x + 4*x - 1 - 4*x + 5*x. What is the units digit of k(2)?
3
Suppose 5*d + 8 = 4*h, h + d + 0*d = 2. Let k = h + -2. Suppose 2*t + 2 - 10 = k. What is the units digit of t?
4
Suppose -4*b - 3 - 5 = 0. Let n be (-27)/((b + 3)*-1). Let q = -15 + n. What is the tens digit of q?
1
Let n be 2/1*(-2)/(-1). Suppose 3*r = -0*r - 4*o + 25, n*r - 55 = -o. What is the tens digit of r?
1
Let b(i) = i**3 - 15*i**2 - 16*i. Let f be b(16). Suppose -y + 68 + 49 = 5*r, f = -5*r + 4*y + 132. What is the tens digit of r?
2
Suppose 2*f + 21 + 32 = x, 5*f + 218 = 4*x. Suppose 2*w + w = x. What is the units digit of w?
9
Suppose 4*z + v - 89 = 0, z = -4*z + 3*v + 90. What is the units digit of z?
1
Suppose 3*f = 67 + 5. What is the tens digit of f?
2
Suppose -5*u - 2*b + 15 = -0*b, -u + 4*b = -25. Suppose 3*y - 4*y = -u*c - 31, -89 = -5*y + 3*c. What is the tens digit of y?
1
Let b(f) = -f**2 + 3*f. Let t be b(2). Suppose -x + v + 4*v + 14 = 0, 6 = -t*v. What is the units digit of x + -2*14/(-4)?
6
Let f be 2/2 + (7 - -1). Suppose 5 + f = 2*c. Suppose c*y - 4*y = 21. What is the units digit of y?
7
Let x(u) be the second derivative of -u**5/20 + 2*u**4/3 + 11*u**3/6 - 5*u**2 - 3*u. What is the units digit of x(9)?
8
Let a = 50 + 23. What is the tens digit of a?
7
Suppose 4*r + 17 = 45. Suppose r*x - 5*x = 30. What is the units digit of x?
5
Let k = -3 + 18. Suppose -t = -2*u - k, 0*t - 2*t + u + 15 = 0. What is the units digit of 3/t + 67/5?
4
Suppose 0 = 3*s + 3*c + 18, 5*s - 4*c - 9 = 6. Let y be (-1)/s - (-12)/6. Suppose 47 = y*a + 11. What is the tens digit of a?
1
Let i be 1/3 + (-10)/(-6). Suppose 5*z = 2*n - 77, 3*z + 5 = i*z. What is the tens digit of n?
2
Let p(g) = 3*g**2 - 2 - 2*g**2 + 0*g**2. Suppose -4*i + 3 = -9. What is the units digit of p(i)?
7
Let o = 40 + -18. Let z = o - 13. What is the units digit of z?
9
Let w = 25 - 19. Suppose -5*d - 2 = 58. What is the units digit of ((-32)/d)/(2/w)?
8
Suppose 0 = -0*p + 3*p - 87. Let h = -16 + p. What is the units digit of h?
3
Let z = 13 - 4. What is the units digit of z?
9
Suppose 3*x - 12 = 0, -4*d + 0*x + 3*x + 452 = 0. What is the tens digit of d?
1
Let t = 0 - 6. Let b = 7 + t. What is the units digit of b?
1
Let b = -2 - -8. What is the units digit of b?
6
What is the units digit of (2/4)/(8/384)?
4
Let n(a) = a - 4. Let y be n(3). Let d = 9 - y. What is the tens digit of d?
1
Suppose 4*m - 11 = 17. What is the units digit of m?
7
Let z(d) = -8*d + 1. Suppose -4*j + 15 = 5*o, 22 = o + 2*o + 5*j. What is the units digit of z(o)?
9
Suppose 3*i = -1 - 20. What is the units digit of i/((-4)/2 - -1)?
7
Suppose 2*y - 88 - 96 = -f, 0 = 5*y. What is the hundreds digit of f?
1
Let r be 6/15 + 78/5. Suppose -32 = -4*k + d, 4*d = -2*k - 0*d + r. What is the units digit of k?
8
Let l(s) = -s + 12. Let d be l(9). Suppose a - d*a = -14. What is the units digit of a?
7
Let b(p) = -8*p - 1. Let n be b(1). Let q be (-3)/n*3*3. Suppose -q*c = -2*c - 4. What is the units digit of c?
4
Let l = -46 + 101. Suppose 0 = 2*j + j + 4*y - l, 0 = -4*j - 4*y + 68. Wha